 1 + (28 - 17)?
15
What is -6 + -9 + (45 - 0 - 10) + -12?
8
What is the value of -3698 + 3707 + (6 - (0 + -1))?
16
Calculate (0 + -1 - -7) + -10.
-4
What is 11 - (42 - 14) - 2?
-19
Evaluate -3 - 0 - (-18 + 12 - (-3 - 5)).
-5
What is the value of -34 + (13 - 10) - -21?
-10
13 - (0 + -7 + (-8 - (-9 + -1)))
18
6 + 1 + -274 + 256
-11
What is the value of 2 + -33 - (260 - 289)?
-2
(-32 - (-4 - -11)) + 10
-29
What is the value of 32 + (-3 - 30 - -15)?
14
What is the value of (-13 - (8 - 15) - 3) + -14?
-23
0 + (-24 - -13) + 14
3
(-2 - 5 - 2) + 217 + -193
15
What is the value of 9 - -13 - 17 - 12?
-7
Evaluate -26 - (-14 - -6) - 1.
-19
Calculate -2 + (-30 - -20) + (0 - -3).
-9
Calculate 58 - 55 - (-4 + 1).
6
Evaluate (-6 - -1) + (-29 - -25).
-9
What is 11 + (-11 + -7 + 2 - 0)?
-5
Calculate (-23 + 4 - -9) + 15.
5
What is the value of 1 + (103 + -94 - (0 + 10))?
0
What is -12 + -1 + (-217 - -223)?
-7
What is the value of -74 - -77 - (4 - 1) - 9?
-9
-19 - (-14 - (14 - 18))
-9
Evaluate (1 - (-8 + 5 - 5 - -4)) + 6.
11
Evaluate -21 - (34 + -25 - (15 + (6 - 3))).
-12
Evaluate -3 + 1 - (8 + (-11 - (10 - 11))).
0
What is -6 + 2 + -1 + 3 + (1 - -4)?
3
(29 + (4 - -5) - (-1 + 4)) + -2
33
What is the value of (22 + -8 - 6) + 0?
8
Calculate -31 - (-1 + 15 + -5) - -16.
-24
What is -13 + -1 + -1 + 13?
-2
Calculate -1 + (-4 - -12) + -15 + -14 + -2.
-24
Calculate 7 - 1 - (-71 + 44 - -14).
19
Evaluate (2 - 21) + (-5 - -18).
-6
What is the value of (-12 + 7 - 2) + 13?
6
What is 9 + (-2 + 6 - -4) + -1?
16
Evaluate 13 + -13 - (-15 - ((-6 - 3) + 3)).
9
Evaluate -39 + 17 + -1 + 17.
-6
What is 16 + -1 + -22 + 24?
17
Evaluate (-24 - -39 - (38 - 1)) + -8.
-30
What is the value of -1 + 15 + (-5 - -12 - (-15 + 17))?
19
What is 14 + (24 + -11 - 8)?
19
Evaluate -8 - (2 - (6 - 2)).
-6
What is ((1 - -5) + 6 + -8 - 12) + -9?
-17
Calculate -22 - (35 + (-52 - 35)).
30
What is 121 + -134 + (9 - 1) + -8?
-13
What is the value of (4 - -6) + -3 + (-6 - 1)?
0
Evaluate 2 + (-8 - (0 + (-5 - -2))) + 9.
6
Evaluate 13 + (-7 + -2 - 5).
-1
Calculate 1 - 13 - (6 - 14).
-4
What is the value of -19 + 21 + (1 - (1 + 0) - 3)?
-1
What is 1 + -1 + (-3 - -9) + -8 - -15?
13
Calculate 6 - ((6 - 0) + 10).
-10
Calculate -19 + (4 + -18 - -16).
-17
What is -3 + 19 + (-18 - -9)?
7
(-5 - (23 + -9)) + 30 - 4
7
What is 19 + (26 - -5) + -22 + 0 + 1?
29
Evaluate 17 - 0 - (-336 + 381).
-28
Evaluate -1 + 1 - 7 - (-3661 + 3673).
-19
What is 9 + -14 - 19 - -21?
-3
What is the value of -792 + 782 + 1 + -1?
-10
Calculate -3 + (-1 - -7) - (19 - 15) - -22.
21
What is the value of 2 - 14 - (5 + -4) - (-26 - -23)?
-10
What is the value of -8 + -1 + (-1 - -1)?
-9
Evaluate 130 - 143 - (-1 - 10).
-2
What is the value of 7 + -14 + 2 - -22?
17
Evaluate (-2 - -21) + (75 - 64 - 56).
-26
What is the value of -6 + 1 - -16 - 6 - 3?
2
What is -1 + 2 + 41 + -25 + -30?
-13
Evaluate (1 - (6 + -6 - 3) - 7) + -2.
-5
3 + -6 + -23 + 21 + -4 + 1
-8
Calculate -28 + -15 + 17 - -22.
-4
Evaluate (10 - -5) + (-28 - -18) - 5.
0
What is -3 + -22 + 2 + 4?
-19
What is (19 - 1) + -10 + (-9 - -2)?
1
Calculate -32 + -14 + -5 + 9 + 24 + -10.
-28
What is (0 - 53) + 40 + (36 - 62)?
-39
Evaluate -9 + (8 - 2) + (17 - 19) + 8.
3
What is the value of 0 + -2 + -20 + 27?
5
7 + (-5 - -18) + -5 + -19 - 8
-12
-31 + (-34 - -39) + 20
-6
-17 - (4 - (8 - 0))
-13
Calculate 9 + (1 - 6) + (-4 - (-16 - -6)).
10
Calculate -14 + -18 + (-16 - -8) + 14.
-26
Calculate (2 - 1) + (-9 - -15) + 11 + -22.
-4
What is the value of -9 - (5 + (-6 - (8 + 0 + -22)))?
-22
What is the value of 22 + 0 + 3 + -9 + -2?
14
Calculate (44 - 20) + -25 + -11 + 1.
-11
Evaluate 30 + -12 + -9 + (0 - 19) + 26.
16
What is the value of 28 + 3 + -21 + -10?
0
What is the value of -18 + (-19 - -46) - 26?
-17
-35 - (6 - ((9 - 0) + (32 - 36)))
-36
Evaluate -15 - (-6 + -5 - 8).
4
What is the value of (-5 - (69 - 65)) + 14 + -2?
3
What is the value of -1 - (-3 + (6 - 0)) - 1?
-5
29 - 26 - (-3 + 5) - (-1 - 15)
17
Evaluate (-14 + 7 - -11) + 2 + (3 - 1).
8
(23 - (9 + 4)) + 2
12
Evaluate 3 + 21 + 27 + -27.
24
Evaluate 5 - 29 - (-94 + 48).
22
Calculate 8 + (11 - (24 + 9)) + 10.
-4
What is -38 + -21 + 104 + -13?
32
Calculate -49 + -1 + 702 + -675.
-23
What is the value of 3 + (-9 - (5 + -3) - 1)?
-9
4 - (19 - (-1 - (5 - 9)))
-12
What is the value of 0 + (6 - 3) + -7 - (-8 + 22)?
-18
Evaluate -8 + (-60 + 60 - (-1 - 28)).
21
23 - ((16 - 17) + 31)
-7
Evaluate 47 + 18 + -77 - (-2 - -22).
-32
Evaluate 0 + 5 + (9 + (-7 - -3) - -6).
16
Evaluate -4 + -34 + 14 + 13 + (1 - -10).
0
What is -36 - (-11 + (15 - 24))?
-16
Calculate 7 - ((-8 + 6 - -3) + 4).
2
Evaluate (-31 + 9 + 2 + -6 - -3) + 4.
-19
What is -17 + 3 + (-11 + 0 - -5) + 5?
-15
Calculate -2 + 1 - (5 + -11 + -2) - -13.
20
(13 - 1) + (6 - 12) + -74 + 69
1
Evaluate -84 + (74 - -12) - (-1 - (-2 + 9)).
10
Evaluate -34 + 6 - -38 - 21.
-11
What is the value of -4 + 5 - (32 - 29)?
-2
Evaluate 0 + 2 - (-8 - (-4 + 2) - 4).
12
-472 + 467 + (-2 + 1 - 0) + -5
-11
What is the value of -20 + 20 + (-1 - -4) + -12 - -6?
-3
11 - -10 - (27 - 20)
14
10 + (27 - (-6 - -23) - 14)
6
What is 1 + (1 - 1) + 209 + -223?
-13
What is the value of 2 + 17 + (-2 - 18) - (0 - 6)?
5
13 - ((1 - 5) + (6 - -18 - 17))
10
Evaluate 8 - (3 - 3 - -10) - -3.
1
3 + (-4 - (16 - 3))
-14
Evaluate (1 - (3 + 2)) + -9 + 4.
-9
12 + -11 + -8 - -4
-3
Evaluate (5 - 2) + (-17 - (-1 + -7)).
-6
What is (-3 - (-6 + 7) - 1) + 17 + -2?
10
What is (1 + -7 + 12 - -1) + -7 - 6?
-6
Calculate (9 - (17 + -8 + -2) - -1) + -21.
-18
What is the value of 48 - (0 - -26) - (9 + -1)?
14
What is -13 + -10 + 24 - -24?
25
What is -1 - (-2 + (6 - 0) - 21) - 6?
10
What is the value of 22 + (-21 - 37) - -7?
-29
What is (-8 - (-3 - -2)) + (80 - 38) + -42?
-7
Evaluate -21 - (12 - (17 - -12)).
-4
Evaluate -29 - (2 + (11 - 27)).
-15
-10 + 2 + (-6 - (-20 - -13)) + 28
21
-4 - ((5 - 14) + -5 + -2)
12
(30 - 3 - -7) + -11 - 11
12
30 + -46 - (-22 + 3)
3
What is 17 - (34 + -29 - (0 + 1))?
13
Evaluate 8 + -10 + 14 + -18.
-6
Calculate 49 + -41 - (3 + -3 + 4 + -6).
10
105 + -110 - (-1 + (0 - 1))
-3
What is 11 + (3 - -9 - (6 - -7))?
10
What is 27 + (-36 - (8 + -25))?
8
What is the value of (-23 - -12) + (5 - -1)?
-5
What is 12 - (20 - (-3 - -19) - 6)?
14
Evaluate -5 + (-7 - (0 - 1)) + (26 - 12).
3
What is the value of -14 - (-6 - (16 - 12)) - -3?
-1
Evaluate (-7 - -6 - 5) + 5 + 0 + 6.
5
Evaluate -7 - (-4 + 0 + -13).
10
What is the value of 8 - (0 - (3 - 5 - 3 - -11))?
14
Calculate (-7 - (-6 - -10)) + 16.
5
What is the value of 42 + -23 - 8 - 7?
4
(-3 + -1 - (-15 + -6 + 38)) + -7
-28
-2 + (2 + -3 - 11) + 2
-12
What is 47 - 27 - 12 - -12?
20
(12 - 6) + -8 + -8
-10
What is the value of -39 + 11 + 23 + -9 + -1?
-15
What is 6 + (-7 + 9 - 5 - 2)?
1
14 - (-3 + 15 + (-52 - -44))
10
What is the value of (-41 - (16 + (-15 - -3))) + 16?
-29
Calculate 24 + (-59 - (-4 - 24)).
-7
What is the value of 15 + 0 + -79 + 74 + 5?
15
Calculate 1 + -23 + 4 + 6 + 1.
-11
What is 485 + -489 + -1 + 14?
9
What is 27 + 0 - -2 - (-702 - -701)?
30
What is the value of 6 + 7 + -18 - 0 - (2 - -3)?
-10
(0 - (7 - 4)) + -30 + 52
19
23 - (6 - 19 - -39 - 13)
10
What is (7 - (8 - 7)) + (2 - (2 + 5))?
1
What is -51 - (-4 + -27 + 4)?
-24
What is -7 - -27 - (1 + 10)?
9
What is (-4 - 1) + 5 - (38 + -34)?
-4
What is (-2427 - -2432) + -32 + -1?
-28
What is the value of (4 - 15 - 6) + 6?
-11
Evaluate (-46 - -39) + (1 - -4) - -19.
17
What is the value of 11 - (17 + -2) - -24?
20
What is -3 + 5 + (-10 - (-2 + -4))?
-2
Calculate 22 + -12 - (-4 + 29).
-15
What is -1 + 16 + (-6 + 10 - -6)?
25
(-34 - (-18 + -19 + 33)) + -1 + -1
-32
Evaluate (24 - (6 + (2 - (9 - 4)))) + -1.
20
Evaluate (2 + 10 - 14) + 8.
6
Calculate -8 + (10 - (-7 - (-19 + 8))).
-2
24 + -23 + -12 + 10
-1
What is -18 + -1 + (4 - 20) + 25?
-10
Calculate 9 + (5 - 0) + -4.
10
(-2 - (-6 - -3 - 5)) + 1 - 1
6
What is the value of -18 - (1 + (2 - 0 - -1))?
-22
What is -22 - -27 - -40 - 40?
5
-55 - -50 - (3 - (-1 + (0 - 1)))
-10
What is the value of 7 + (-25 - -24) + -1?
5
Evaluate 26 - ((14 - 11) + 9).
14
Calculate 20 + -17 - ((2 - 24 - 0) + 1).
24
What is the value of 17 + -2 + -7 + 2 + -2 + 16?
24
What is (10 - 13 - 11 - -8) + 7?
1
(-25 - (-50 + 34)) + -1 + 1 + -7
-16
-2 - (-14 - (14 - 14))
12
Evaluate -30 - 2 - (38 - (-26 + 81)).
-15
What is 11 - ((-4 -